 l = -2 + s. Give m(l).
-5
Let z = -2 - 1. Let r = z - -3. Let t(g) = g + g**2 + r*g + 1 - 3*g. Calculate t(1).
0
Let k(w) be the first derivative of w**4/4 - 4*w**3/3 - 7*w**2/2 + w + 9. Give k(5).
-9
Let o(t) = -t**2 + t - 9. Suppose r + 2*r - 3 = m, 3 = -m. Let l be (r - 0)/(4 - 7). Determine o(l).
-9
Let j = -4 - 2. Let a = -3 - j. Let u(b) = 3*b - b**2 - 6 - b**2 + a*b**2. Calculate u(-5).
4
Suppose 6*a - 12 = 3*a. Let b(q) = -q. Let x(j) = 4*j - 2. Let h(g) = 6*b(g) + 2*x(g). What is h(a)?
4
Let l(z) = z**2 - 5*z + 12. Let g be l(3). Let v(d) = -d**2 + 8*d - 3. Give v(g).
9
Suppose 3*m + 2*m + 45 = 0. Let v = m - -7. Let o(k) = -k - 2. Calculate o(v).
0
Let s(i) = -i**2 - 7*i. Let z be s(-6). Let w(t) = -t**2 + 4*t + 7. Calculate w(z).
-5
Let q be (3 + (-2)/1)/1. Let c be (q/(-2))/((-2)/(-20)). Let h(d) be the second derivative of -d**4/12 - 5*d**3/6 - 3*d**2 + 2*d. Determine h(c).
-6
Let i be 84/(-18) + 1/(-3). Let f(n) be the third derivative of 0 - 7/6*n**3 + 0*n - 1/24*n**4 + 5*n**2. What is f(i)?
-2
Let m = 10 - 5. Suppose 27 + 3 = -m*b. Let p(w) = -w**2 - 6*w. Calculate p(b).
0
Suppose -5*v = 4*r - 391, -3*v + r - 51 = -272. Suppose 5*a = -0*a + v. Suppose -f + a = -6*f. Let c(n) = n**3 + 3*n**2 + n - 3. Calculate c(f).
-6
Suppose 5*g - 3*g = 14. Let m(v) = -v**2 + 5*v + 9. Determine m(g).
-5
Suppose -16*l + 11 = -21. Let y(h) = 5*h - 2 + 1 - 3*h**3 - 3*h + 2*h**2. Calculate y(l).
-13
Let r = -36 - -32. Let g(a) = -a**2 - 4*a + 2. Give g(r).
2
Suppose 3*s = -2*a - 2*a + 2, -2*s + 3 = a. Let i be 2 + a - (0 + 1). Suppose 0 = -i*v - 2*v + 6. Let h(m) = -m**2 + m + 3. What is h(v)?
-3
Let t(c) be the first derivative of -1/2*c**2 - 5*c - 1. Give t(-4).
-1
Let m(j) be the third derivative of j**6/120 + j**3/3 + 35*j**2. Suppose -4*v + 2*v = -3*g - 2, 5*g - 3*v = -4. Determine m(g).
-6
Suppose -5*v + 3*x = -16, 4 = -5*x - 6. Let t(s) = s**3 + s**2 + s - 2. What is t(v)?
12
Let y(j) = j + 9. Suppose -4*r = z - 15, -2*r = 2*r - 2*z - 6. Suppose 10 = 2*x, 3*h + 36 = r*x - 0*x. What is y(h)?
2
Let v(n) be the third derivative of -n**5/12 + n**3/6 + 4*n**2. Give v(1).
-4
Let n(o) = -o. Let q be 2/2*0/(-1) - 1. Calculate n(q).
1
Let l be 1/(-3)*-3 + 2. Let y(h) = 5*h + 3. Let t(v) = -2*v - 1. Let o(q) = 9*t(q) + 4*y(q). Calculate o(l).
9
Let a = -97 - -99. Let w(s) be the third derivative of -2/3*s**3 + 0*s**4 - 1/120*s**6 + a*s**2 + 1/15*s**5 + 0*s + 0. Calculate w(4).
-4
Let b(j) = 2*j - 4*j - 15*j**2 + 4*j**2 + 9*j**2 + 2. Let f = -3 + 0. Give b(f).
-10
Suppose -3*h - 3*p - 10 = -1, -5*p = -3*h + 15. Suppose 5*f + h*w + 4*w = 6, -2*f = -4*w + 20. Let m(r) = -r**2 - 1. Calculate m(f).
-5
Let p(a) = 5*a + 5. Let l(y) = 10*y + 9. Let v(k) = -6*l(k) + 11*p(k). Suppose -s + r + 3*r = 6, -4*r + 4 = -2*s. Determine v(s).
-9
Let y be (-12*1)/4 - 63/(-7). Let d(j) = -j**2 + 7*j - 5. Determine d(y).
1
Let m(h) = 8*h + 5. Let k(z) = 24 + 19*z - 11*z + 31*z. Let v(b) = -5*k(b) + 24*m(b). What is v(1)?
-3
Suppose 5*s - 3 = -23, 2*h = 4*s + 24. Suppose -h*l + 6 = -2*l. Suppose -l*j + 4 = j. Let g(n) = -7*n. Give g(j).
-7
Suppose -3*m - 6 + 21 = 0. Let t(q) be the first derivative of q**3/3 - 3*q**2/2 - 7*q - 1. Determine t(m).
3
Let b(h) = 3*h - 4. Let q be b(3). Suppose -4*w + 2*p = w - 6, -3*w + q*p - 4 = 0. Let d(a) = a**3 - 2*a**2 + 2. Give d(w).
2
Let s(r) = -5 - 6 + 17 - 7 - 24*r. Calculate s(-1).
23
Let q(z) = z**3 - z**2 + 4*z + 3. Let x(s) = -4*s**3 + 2*s**2 - 11*s - 9. Let h(a) = 7*q(a) + 2*x(a). What is h(-4)?
-5
Suppose 5*s - 3 = 5*b + 2, 0 = -b + 4*s - 13. Let a(x) = 2*x**2 - 3*x + 4. Let w be a(b). Let i = w - 7. Let o(v) = -v**3 + 6*v**2 + v - 7. Give o(i).
-1
Let b be (-10)/(-6)*(-2)/(-40). Let y(w) be the second derivative of 0 - w**3 + 3/2*w**2 + 2*w - b*w**4. Calculate y(-6).
3
Let u(b) = -b**2 + 3*b + 2. Let f = 32 + -27. What is u(f)?
-8
Let l(w) = 4*w**2 - 14*w**2 + w + 5*w**2 + 8*w**2. Suppose -7*r + 3*r + 4 = 0. What is l(r)?
4
Let m(y) = y**2 - 10*y - 2. Let z(l) = -l - 1. Let j(w) = w**2 - 6*w + 2. Let c(f) = -j(f) - 5*z(f). Let x(k) = -5*c(k) - 6*m(k). Give x(5).
-3
Suppose 0 = -0*z + 5*z - 5. Let l(b) = -6*b + 1. Calculate l(z).
-5
Let t = -3 + 1. Let k = t + 4. Let b(p) = 3*p + 3*p**3 - 5 + 6*p**k + 3*p**3 - 4*p**3 - p**3. Give b(-5).
5
Let l(a) = -2*a**3 + a**2 - a. Suppose 5*y = -4*b + y - 16, -2*y - 8 = b. Suppose b = 3*r + f + 5 - 3, -f = 4*r + 1. Determine l(r).
-2
Let i(o) = 2*o**3 + 6*o**2 + 7*o + 3. Let c(n) = -n**3 - 3*n**2 - 3*n - 1. Let g(s) = 7*c(s) + 3*i(s). Calculate g(-3).
2
Let l(i) = i**2 + 4*i - 4. Let y be l(-4). Let t(b) = -b - 5. Let x be t(y). Let h(g) = -3*g**3 - 2*g - 1. Calculate h(x).
4
Suppose 5*k = -b + 9, 0*b - 5 = 5*b. Let w(r) be the first derivative of -r + 2 + 3/2*r**2. Determine w(k).
5
Let r(s) = 2*s**2 - 15*s - 2. Let t(a) = -a - 1. Let u(v) = r(v) - 6*t(v). Determine u(6).
22
Let j be 2/6 + (-4)/(-6). Let a(o) = -3*o**3 - 37*o + 2 + 2*o**2 + 35*o - 1. Give a(j).
-2
Let w(f) = -f**2 - 7*f - 6. Let q be (0 - 12)*(-25)/(-20). Let g = q + 11. Determine w(g).
6
Let y be 7/4 + (-12)/16. Let f be y + (-12)/(12/(-3)). Let m(g) = -g + g - g + 7. Give m(f).
3
Suppose 0 = -5*s - 25, 29 = 2*d - 5*s - 0*s. Let h(c) be the third derivative of -c**6/120 - c**5/60 + c**4/12 + c**3/6 - c**2. What is h(d)?
-7
Let x(s) be the second derivative of 0 + s + 1/3*s**4 + 3*s**2 + 1/2*s**3 - 1/20*s**5. Give x(5).
-4
Let s(y) = -y + 10. Let i be (-7)/(-9 + 2 + 6). What is s(i)?
3
Let k be 0/(-3 - -4) - (-12)/(-3). Let y(s) = -s**3 - 4*s**2 - 2*s - 3. Give y(k).
5
Let b = -18 + 17. Let u(g) be the first derivative of g**5/60 + g**4/24 + g**3 - 2. Let w(y) be the third derivative of u(y). Determine w(b).
-1
Let s(u) = -9*u - 7*u**3 + 15*u - 5*u - 2*u**2. Let h be (1 - 2)/(-1 + 0). Calculate s(h).
-8
Let l(w) = w**3 - 2*w**2 - 2*w + 3. Suppose -4*i + 12 = -0*i. Suppose -4 = -i*d + 2. Let p be d*(1/2 - -1). What is l(p)?
6
Let q(h) = 3*h**3 - 2*h**3 + 103*h**2 + 5*h - 3 + 0*h**3 - 97*h**2. Let s = 6 + -10. Give q(s).
9
Let k(b) = 1 + 3*b + b - 4*b - b. Let c be k(-4). Let l(j) = 3 + 2*j + 2*j + 1 - j**2. Calculate l(c).
-1
Suppose -3*p - 3 = 0, -4*o - 4*p = -o - 5. Let t = o + -2. Let r(w) = 1 + 0 - 2*w**2 - 2*w - w + 2*w. Give r(t).
-2
Let q(c) = -2*c - 2. Let d(r) = -10*r - 11. Let a(m) = -2*d(m) + 11*q(m). Calculate a(-4).
8
Let j(m) = m**3 - 5*m**2 - 5*m - 8. Let z be j(6). Let f(y) be the first derivative of -y**3 - y**2/2 + 1. Give f(z).
-10
Let f(k) be the second derivative of 1/24*k**4 - 3*k + 0*k**2 + 1/180*k**6 + 1/60*k**5 + 0 - 1/2*k**3. Let u(v) be the second derivative of f(v). What is u(-1)?
1
Let b = 41 + -42. Let i(f) = -13*f**2 - 2*f - 1. What is i(b)?
-12
Let j(o) = o**3 + 4*o**2 + 3*o - 4. Suppose -19*t = -11*t + 24. What is j(t)?
-4
Let i(w) = -w**3 - 5*w**2 - 5*w - 1. Let t be -2 + (-5)/(5/2). Calculate i(t).
3
Let w(d) = 7*d + 4. Suppose 0 = 7*c - 5*c + 4, 0 = -2*v - 4*c - 2. Determine w(v).
25
Let l(g) = 2*g**2 + g**2 + g**2 - 5*g + 6 - 3*g**2. Suppose j + 5*v = 19, 3*j = j + 2*v - 22. Let k be (j/(-15))/((-2)/(-20)). Determine l(k).
2
Suppose 0 = -5*w + 5 + 5. Let l(i) = w*i - 1 - 7 + 4. Give l(4).
4
Let h(a) be the third derivative of -a**6/60 + a**5/12 - a**4/24 - a**3/2 + 8*a**2. Determine h(3).
-15
Let b(o) = o - 4. Let v be b(6). Let j(a) = -3*a**2 + a + a**2 - 6 + a**v + 0. Calculate j(0).
-6
Let m(r) = -r**2 - 8*r - 7. Let v = -2 - -7. Suppose -v*h - 4 = -39. Suppose 2*z + h = -3. Calculate m(z).
8
Let g(z) = z**3 + 7*z**2 + 6*z + 4. Let y be g(-6). Let k(x) = -x**2 + 2*x + 4. Give k(y).
-4
Let l(t) = 1 + 9*t**2 - 10*t**2 - 2 + 0*t - t. What is l(-2)?
-3
Let h(g) = 2*g - 2. Let n(i) = -i + 1. Let l(p) = 4*h(p) + 9*n(p). Determine l(0).
1
Let z = 635 - 640. Let g(i) = 3*i**3 - 8*i**2 + 2*i - 10. Let j(p) = p**3 - p**2 - 1. Let t(r) = g(r) - 4*j(r). Calculate t(z).
9
Let t = 0 + 2. Let h(x) be the second derivative of -3*x + 0 + 1/3*x**3 - 1/12*x**4 - 3/2*x**2. What is h(t)?
-3
Let r(y) = 2*y**3 - 9*y**2 - 6*y + 13. Let o(t) = t**3 - 4*t**2 - 3*t + 6. Let c(w) = -9*o(w) + 4*r(w). Suppose -4 = 3*f - 10. Give c(f).
-4
Let o(g) = 5*g**2 + 74*g - 73*g + 1 + 0. Give o(-1).
5
Let x(v) = -2*v**2 + 0*v**2 - v**3 - v**2 - v. Let s(c) = -3*c + 3. Let k be s(3). Let i be ((-9)/k)/((-3)/4). Give x